[INFO] cloning repository https://github.com/stereoknife/nbt
[INFO] running `Command { std: "git" "-c" "credential.helper=" "-c" "credential.helper=/workspace/cargo-home/bin/git-credential-null" "clone" "--bare" "https://github.com/stereoknife/nbt" "/workspace/cache/git-repos/https%3A%2F%2Fgithub.com%2Fstereoknife%2Fnbt", kill_on_drop: false }`
[INFO] [stderr] Cloning into bare repository '/workspace/cache/git-repos/https%3A%2F%2Fgithub.com%2Fstereoknife%2Fnbt'...
[INFO] running `Command { std: "git" "rev-parse" "HEAD", kill_on_drop: false }`
[INFO] [stdout] c25d0608f83e6c0529bfe405e826eeebe688b0c4
[INFO] testing stereoknife/nbt against master#2fe50cd72c476ebacdedb14893e9632b4de961c2 for pr-116088-2
[INFO] running `Command { std: "git" "clone" "/workspace/cache/git-repos/https%3A%2F%2Fgithub.com%2Fstereoknife%2Fnbt" "/workspace/builds/worker-1-tc1/source", kill_on_drop: false }`
[INFO] [stderr] Cloning into '/workspace/builds/worker-1-tc1/source'...
[INFO] [stderr] done.
[INFO] validating manifest of git repo https://github.com/stereoknife/nbt on toolchain 2fe50cd72c476ebacdedb14893e9632b4de961c2
[INFO] running `Command { std: CARGO_HOME="/workspace/cargo-home" RUSTUP_HOME="/workspace/rustup-home" "/workspace/cargo-home/bin/cargo" "+2fe50cd72c476ebacdedb14893e9632b4de961c2" "metadata" "--manifest-path" "Cargo.toml" "--no-deps", kill_on_drop: false }`
[INFO] started tweaking git repo https://github.com/stereoknife/nbt
[INFO] finished tweaking git repo https://github.com/stereoknife/nbt
[INFO] tweaked toml for git repo https://github.com/stereoknife/nbt written to /workspace/builds/worker-1-tc1/source/Cargo.toml
[INFO] crate git repo https://github.com/stereoknife/nbt already has a lockfile, it will not be regenerated
[INFO] running `Command { std: CARGO_HOME="/workspace/cargo-home" RUSTUP_HOME="/workspace/rustup-home" "/workspace/cargo-home/bin/cargo" "+2fe50cd72c476ebacdedb14893e9632b4de961c2" "fetch" "--manifest-path" "Cargo.toml", kill_on_drop: false }`
[INFO] [stderr]     Updating crates.io index
[INFO] [stderr]     Blocking waiting for file lock on package cache
[INFO] [stderr]  Downloading crates ...
[INFO] [stderr]   Downloaded getrandom v0.1.16
[INFO] [stderr]   Downloaded rand_core v0.5.1
[INFO] [stderr]   Downloaded num-integer v0.1.45
[INFO] [stderr]   Downloaded wasi v0.9.0+wasi-snapshot-preview1
[INFO] [stderr]   Downloaded log v0.4.17
[INFO] [stderr]   Downloaded num-rational v0.3.2
[INFO] [stderr]   Downloaded ppv-lite86 v0.2.17
[INFO] [stderr]   Downloaded num-complex v0.3.1
[INFO] [stderr]   Downloaded byteorder v1.4.3
[INFO] [stderr]   Downloaded num-iter v0.1.43
[INFO] [stderr]   Downloaded rand_hc v0.2.0
[INFO] [stderr]   Downloaded rand_chacha v0.2.2
[INFO] [stderr]   Downloaded num v0.3.1
[INFO] [stderr]   Downloaded num-traits v0.2.15
[INFO] [stderr]   Downloaded minimal-lexical v0.2.1
[INFO] [stderr]   Downloaded rand v0.7.3
[INFO] [stderr]   Downloaded libc v0.2.138
[INFO] [stderr]   Downloaded nom v7.1.1
[INFO] [stderr]   Downloaded memchr v2.5.0
[INFO] [stderr]   Downloaded num-bigint v0.3.3
[INFO] [stderr]   Downloaded compress v0.2.1
[INFO] running `Command { std: "docker" "create" "-v" "/var/lib/crater-agent-workspace/builds/worker-1-tc1/target:/opt/rustwide/target:rw,Z" "-v" "/var/lib/crater-agent-workspace/builds/worker-1-tc1/source:/opt/rustwide/workdir:ro,Z" "-v" "/var/lib/crater-agent-workspace/cargo-home:/opt/rustwide/cargo-home:ro,Z" "-v" "/var/lib/crater-agent-workspace/rustup-home:/opt/rustwide/rustup-home:ro,Z" "-e" "SOURCE_DIR=/opt/rustwide/workdir" "-e" "CARGO_TARGET_DIR=/opt/rustwide/target" "-e" "CARGO_HOME=/opt/rustwide/cargo-home" "-e" "RUSTUP_HOME=/opt/rustwide/rustup-home" "-w" "/opt/rustwide/workdir" "-m" "1610612736" "--user" "0:0" "--network" "none" "ghcr.io/rust-lang/crates-build-env/linux@sha256:2788e3201cd34a07e3172128adcd8b3090168a8e3bcc40d7c032b9dda1df7d1c" "/opt/rustwide/cargo-home/bin/cargo" "+2fe50cd72c476ebacdedb14893e9632b4de961c2" "metadata" "--no-deps" "--format-version=1", kill_on_drop: false }`
[INFO] [stdout] 38e4a44d9a0ebc347563f974e44b640d2dc251555383a29947914b22cf7a73ba
[INFO] running `Command { std: "docker" "start" "-a" "38e4a44d9a0ebc347563f974e44b640d2dc251555383a29947914b22cf7a73ba", kill_on_drop: false }`
[INFO] running `Command { std: "docker" "inspect" "38e4a44d9a0ebc347563f974e44b640d2dc251555383a29947914b22cf7a73ba", kill_on_drop: false }`
[INFO] running `Command { std: "docker" "rm" "-f" "38e4a44d9a0ebc347563f974e44b640d2dc251555383a29947914b22cf7a73ba", kill_on_drop: false }`
[INFO] [stdout] 38e4a44d9a0ebc347563f974e44b640d2dc251555383a29947914b22cf7a73ba
[INFO] running `Command { std: "docker" "create" "-v" "/var/lib/crater-agent-workspace/builds/worker-1-tc1/target:/opt/rustwide/target:rw,Z" "-v" "/var/lib/crater-agent-workspace/builds/worker-1-tc1/source:/opt/rustwide/workdir:ro,Z" "-v" "/var/lib/crater-agent-workspace/cargo-home:/opt/rustwide/cargo-home:ro,Z" "-v" "/var/lib/crater-agent-workspace/rustup-home:/opt/rustwide/rustup-home:ro,Z" "-e" "SOURCE_DIR=/opt/rustwide/workdir" "-e" "CARGO_TARGET_DIR=/opt/rustwide/target" "-e" "CARGO_INCREMENTAL=0" "-e" "RUST_BACKTRACE=full" "-e" "RUSTFLAGS=--cap-lints=forbid" "-e" "RUSTDOCFLAGS=--cap-lints=forbid" "-e" "CARGO_HOME=/opt/rustwide/cargo-home" "-e" "RUSTUP_HOME=/opt/rustwide/rustup-home" "-w" "/opt/rustwide/workdir" "-m" "1610612736" "--user" "0:0" "--network" "none" "ghcr.io/rust-lang/crates-build-env/linux@sha256:2788e3201cd34a07e3172128adcd8b3090168a8e3bcc40d7c032b9dda1df7d1c" "/opt/rustwide/cargo-home/bin/cargo" "+2fe50cd72c476ebacdedb14893e9632b4de961c2" "build" "--frozen" "--message-format=json", kill_on_drop: false }`
[INFO] [stdout] 4bf654e1c76132ebfb86e45e7cf7e84bafdbd7b23223abbda938027bcd4c31c5
[INFO] running `Command { std: "docker" "start" "-a" "4bf654e1c76132ebfb86e45e7cf7e84bafdbd7b23223abbda938027bcd4c31c5", kill_on_drop: false }`
[INFO] [stderr]    Compiling autocfg v1.1.0
[INFO] [stderr]    Compiling libc v0.2.138
[INFO] [stderr]    Compiling getrandom v0.1.16
[INFO] [stderr]    Compiling cfg-if v1.0.0
[INFO] [stderr]    Compiling log v0.4.17
[INFO] [stderr]    Compiling memchr v2.5.0
[INFO] [stderr]    Compiling ppv-lite86 v0.2.17
[INFO] [stderr]    Compiling minimal-lexical v0.2.1
[INFO] [stderr]    Compiling byteorder v1.4.3
[INFO] [stderr]    Compiling num-traits v0.2.15
[INFO] [stderr]    Compiling num-integer v0.1.45
[INFO] [stderr]    Compiling num-bigint v0.3.3
[INFO] [stderr]    Compiling num-rational v0.3.2
[INFO] [stderr]    Compiling num-iter v0.1.43
[INFO] [stderr]    Compiling nom v7.1.1
[INFO] [stderr]    Compiling rand_core v0.5.1
[INFO] [stderr]    Compiling rand_chacha v0.2.2
[INFO] [stderr]    Compiling num-complex v0.3.1
[INFO] [stderr]    Compiling rand v0.7.3
[INFO] [stderr]    Compiling num v0.3.1
[INFO] [stderr]    Compiling compress v0.2.1
[INFO] [stderr]    Compiling nbt v0.1.0 (/opt/rustwide/workdir)
[INFO] [stdout] warning: static `BYTE_TAG` is never used
[INFO] [stdout]  --> src/parser/mod.rs:6:12
[INFO] [stdout]   |
[INFO] [stdout] 6 |     static BYTE_TAG: &[u8] = &[
[INFO] [stdout]   |            ^^^^^^^^
[INFO] [stdout]   |
[INFO] [stdout]   = note: `#[warn(dead_code)]` on by default
[INFO] [stdout] 
[INFO] [stdout] 
[INFO] [stdout] warning: static `SHORT_TAG` is never used
[INFO] [stdout]   --> src/parser/mod.rs:13:12
[INFO] [stdout]    |
[INFO] [stdout] 13 |     static SHORT_TAG: &[u8] = &[
[INFO] [stdout]    |            ^^^^^^^^^
[INFO] [stdout] 
[INFO] [stdout] 
[INFO] [stdout] warning: static `INT_TAG` is never used
[INFO] [stdout]   --> src/parser/mod.rs:20:12
[INFO] [stdout]    |
[INFO] [stdout] 20 |     static INT_TAG: &[u8] = &[
[INFO] [stdout]    |            ^^^^^^^
[INFO] [stdout] 
[INFO] [stdout] 
[INFO] [stdout] warning: static `LONG_TAG` is never used
[INFO] [stdout]   --> src/parser/mod.rs:27:12
[INFO] [stdout]    |
[INFO] [stdout] 27 |     static LONG_TAG: &[u8] = &[
[INFO] [stdout]    |            ^^^^^^^^
[INFO] [stdout] 
[INFO] [stdout] 
[INFO] [stdout] warning: 4 warnings emitted
[INFO] [stdout] 
[INFO] [stdout] 
[INFO] [stderr]     Finished dev [unoptimized + debuginfo] target(s) in 13.96s
[INFO] running `Command { std: "docker" "inspect" "4bf654e1c76132ebfb86e45e7cf7e84bafdbd7b23223abbda938027bcd4c31c5", kill_on_drop: false }`
[INFO] running `Command { std: "docker" "rm" "-f" "4bf654e1c76132ebfb86e45e7cf7e84bafdbd7b23223abbda938027bcd4c31c5", kill_on_drop: false }`
[INFO] [stdout] 4bf654e1c76132ebfb86e45e7cf7e84bafdbd7b23223abbda938027bcd4c31c5
[INFO] running `Command { std: "docker" "create" "-v" "/var/lib/crater-agent-workspace/builds/worker-1-tc1/target:/opt/rustwide/target:rw,Z" "-v" "/var/lib/crater-agent-workspace/builds/worker-1-tc1/source:/opt/rustwide/workdir:ro,Z" "-v" "/var/lib/crater-agent-workspace/cargo-home:/opt/rustwide/cargo-home:ro,Z" "-v" "/var/lib/crater-agent-workspace/rustup-home:/opt/rustwide/rustup-home:ro,Z" "-e" "SOURCE_DIR=/opt/rustwide/workdir" "-e" "CARGO_TARGET_DIR=/opt/rustwide/target" "-e" "CARGO_INCREMENTAL=0" "-e" "RUST_BACKTRACE=full" "-e" "RUSTFLAGS=--cap-lints=forbid" "-e" "RUSTDOCFLAGS=--cap-lints=forbid" "-e" "CARGO_HOME=/opt/rustwide/cargo-home" "-e" "RUSTUP_HOME=/opt/rustwide/rustup-home" "-w" "/opt/rustwide/workdir" "-m" "1610612736" "--user" "0:0" "--network" "none" "ghcr.io/rust-lang/crates-build-env/linux@sha256:2788e3201cd34a07e3172128adcd8b3090168a8e3bcc40d7c032b9dda1df7d1c" "/opt/rustwide/cargo-home/bin/cargo" "+2fe50cd72c476ebacdedb14893e9632b4de961c2" "test" "--frozen" "--no-run" "--message-format=json", kill_on_drop: false }`
[INFO] [stdout] 10e94c6ebf0d38ac4a1cff0ef55fb878cb173aa0ae32dc87c582ea47a55ca162
[INFO] running `Command { std: "docker" "start" "-a" "10e94c6ebf0d38ac4a1cff0ef55fb878cb173aa0ae32dc87c582ea47a55ca162", kill_on_drop: false }`
[INFO] [stderr]    Compiling nbt v0.1.0 (/opt/rustwide/workdir)
[INFO] [stdout] warning: static `BYTE_TAG` is never used
[INFO] [stdout]  --> src/parser/mod.rs:6:12
[INFO] [stdout]   |
[INFO] [stdout] 6 |     static BYTE_TAG: &[u8] = &[
[INFO] [stdout]   |            ^^^^^^^^
[INFO] [stdout]   |
[INFO] [stdout]   = note: `#[warn(dead_code)]` on by default
[INFO] [stdout] 
[INFO] [stdout] 
[INFO] [stdout] warning: static `SHORT_TAG` is never used
[INFO] [stdout]   --> src/parser/mod.rs:13:12
[INFO] [stdout]    |
[INFO] [stdout] 13 |     static SHORT_TAG: &[u8] = &[
[INFO] [stdout]    |            ^^^^^^^^^
[INFO] [stdout] 
[INFO] [stdout] 
[INFO] [stdout] warning: static `INT_TAG` is never used
[INFO] [stdout]   --> src/parser/mod.rs:20:12
[INFO] [stdout]    |
[INFO] [stdout] 20 |     static INT_TAG: &[u8] = &[
[INFO] [stdout]    |            ^^^^^^^
[INFO] [stdout] 
[INFO] [stdout] 
[INFO] [stdout] warning: static `LONG_TAG` is never used
[INFO] [stdout]   --> src/parser/mod.rs:27:12
[INFO] [stdout]    |
[INFO] [stdout] 27 |     static LONG_TAG: &[u8] = &[
[INFO] [stdout]    |            ^^^^^^^^
[INFO] [stdout] 
[INFO] [stdout] 
[INFO] [stdout] warning: 4 warnings emitted
[INFO] [stdout] 
[INFO] [stdout] 
[INFO] [stdout] warning: static `BYTE_TAG` is never used
[INFO] [stdout]  --> src/parser/mod.rs:6:12
[INFO] [stdout]   |
[INFO] [stdout] 6 |     static BYTE_TAG: &[u8] = &[
[INFO] [stdout]   |            ^^^^^^^^
[INFO] [stdout]   |
[INFO] [stdout]   = note: `#[warn(dead_code)]` on by default
[INFO] [stdout] 
[INFO] [stdout] 
[INFO] [stdout] warning: static `SHORT_TAG` is never used
[INFO] [stdout]   --> src/parser/mod.rs:13:12
[INFO] [stdout]    |
[INFO] [stdout] 13 |     static SHORT_TAG: &[u8] = &[
[INFO] [stdout]    |            ^^^^^^^^^
[INFO] [stdout] 
[INFO] [stdout] 
[INFO] [stdout] warning: static `INT_TAG` is never used
[INFO] [stdout]   --> src/parser/mod.rs:20:12
[INFO] [stdout]    |
[INFO] [stdout] 20 |     static INT_TAG: &[u8] = &[
[INFO] [stdout]    |            ^^^^^^^
[INFO] [stdout] 
[INFO] [stdout] 
[INFO] [stdout] warning: static `LONG_TAG` is never used
[INFO] [stdout]   --> src/parser/mod.rs:27:12
[INFO] [stdout]    |
[INFO] [stdout] 27 |     static LONG_TAG: &[u8] = &[
[INFO] [stdout]    |            ^^^^^^^^
[INFO] [stdout] 
[INFO] [stdout] 
[INFO] [stdout] warning: constant `s` should have an upper case name
[INFO] [stdout]   --> src/parser/raw.rs:61:11
[INFO] [stdout]    |
[INFO] [stdout] 61 |     const s: [u8; 24] = [0x40, 0x09, 0x21, 0xff,
[INFO] [stdout]    |           ^ help: convert the identifier to upper case (notice the capitalization): `S`
[INFO] [stdout]    |
[INFO] [stdout]    = note: `#[warn(non_upper_case_globals)]` on by default
[INFO] [stdout] 
[INFO] [stdout] 
[INFO] [stdout] warning: variable `LIST` should have a snake case name
[INFO] [stdout]    --> src/parser/payload.rs:507:13
[INFO] [stdout]     |
[INFO] [stdout] 507 |         let LIST: &[u8] = &[
[INFO] [stdout]     |             ^^^^ help: convert the identifier to snake case: `list`
[INFO] [stdout]     |
[INFO] [stdout]     = note: `#[warn(non_snake_case)]` on by default
[INFO] [stdout] 
[INFO] [stdout] 
[INFO] [stdout] warning: 6 warnings emitted
[INFO] [stdout] 
[INFO] [stdout] 
[INFO] [stderr]     Finished test [unoptimized + debuginfo] target(s) in 1.11s
[INFO] running `Command { std: "docker" "inspect" "10e94c6ebf0d38ac4a1cff0ef55fb878cb173aa0ae32dc87c582ea47a55ca162", kill_on_drop: false }`
[INFO] running `Command { std: "docker" "rm" "-f" "10e94c6ebf0d38ac4a1cff0ef55fb878cb173aa0ae32dc87c582ea47a55ca162", kill_on_drop: false }`
[INFO] [stdout] 10e94c6ebf0d38ac4a1cff0ef55fb878cb173aa0ae32dc87c582ea47a55ca162
[INFO] running `Command { std: "docker" "create" "-v" "/var/lib/crater-agent-workspace/builds/worker-1-tc1/target:/opt/rustwide/target:rw,Z" "-v" "/var/lib/crater-agent-workspace/builds/worker-1-tc1/source:/opt/rustwide/workdir:ro,Z" "-v" "/var/lib/crater-agent-workspace/cargo-home:/opt/rustwide/cargo-home:ro,Z" "-v" "/var/lib/crater-agent-workspace/rustup-home:/opt/rustwide/rustup-home:ro,Z" "-e" "SOURCE_DIR=/opt/rustwide/workdir" "-e" "CARGO_TARGET_DIR=/opt/rustwide/target" "-e" "CARGO_INCREMENTAL=0" "-e" "RUST_BACKTRACE=full" "-e" "RUSTFLAGS=--cap-lints=forbid" "-e" "RUSTDOCFLAGS=--cap-lints=forbid" "-e" "CARGO_HOME=/opt/rustwide/cargo-home" "-e" "RUSTUP_HOME=/opt/rustwide/rustup-home" "-w" "/opt/rustwide/workdir" "-m" "1610612736" "--user" "0:0" "--network" "none" "ghcr.io/rust-lang/crates-build-env/linux@sha256:2788e3201cd34a07e3172128adcd8b3090168a8e3bcc40d7c032b9dda1df7d1c" "/opt/rustwide/cargo-home/bin/cargo" "+2fe50cd72c476ebacdedb14893e9632b4de961c2" "test" "--frozen", kill_on_drop: false }`
[INFO] [stdout] 869f947bcb5720fd5b2ae5d085c1fb35254ad28abe9f870d302874e964de27f1
[INFO] running `Command { std: "docker" "start" "-a" "869f947bcb5720fd5b2ae5d085c1fb35254ad28abe9f870d302874e964de27f1", kill_on_drop: false }`
[INFO] [stderr] warning: static `BYTE_TAG` is never used
[INFO] [stderr]  --> src/parser/mod.rs:6:12
[INFO] [stderr]   |
[INFO] [stderr] 6 |     static BYTE_TAG: &[u8] = &[
[INFO] [stderr]   |            ^^^^^^^^
[INFO] [stderr]   |
[INFO] [stderr]   = note: `#[warn(dead_code)]` on by default
[INFO] [stderr] 
[INFO] [stderr] warning: static `SHORT_TAG` is never used
[INFO] [stderr]   --> src/parser/mod.rs:13:12
[INFO] [stderr]    |
[INFO] [stderr] 13 |     static SHORT_TAG: &[u8] = &[
[INFO] [stderr]    |            ^^^^^^^^^
[INFO] [stderr] 
[INFO] [stderr] warning: static `INT_TAG` is never used
[INFO] [stderr]   --> src/parser/mod.rs:20:12
[INFO] [stderr]    |
[INFO] [stderr] 20 |     static INT_TAG: &[u8] = &[
[INFO] [stderr]    |            ^^^^^^^
[INFO] [stderr] 
[INFO] [stderr] warning: static `LONG_TAG` is never used
[INFO] [stderr]   --> src/parser/mod.rs:27:12
[INFO] [stderr]    |
[INFO] [stderr] 27 |     static LONG_TAG: &[u8] = &[
[INFO] [stderr]    |            ^^^^^^^^
[INFO] [stderr] 
[INFO] [stderr] warning: constant `s` should have an upper case name
[INFO] [stderr]   --> src/parser/raw.rs:61:11
[INFO] [stderr]    |
[INFO] [stderr] 61 |     const s: [u8; 24] = [0x40, 0x09, 0x21, 0xff,
[INFO] [stderr]    |           ^ help: convert the identifier to upper case (notice the capitalization): `S`
[INFO] [stderr]    |
[INFO] [stderr]    = note: `#[warn(non_upper_case_globals)]` on by default
[INFO] [stderr] 
[INFO] [stderr] warning: variable `LIST` should have a snake case name
[INFO] [stderr]    --> src/parser/payload.rs:507:13
[INFO] [stderr]     |
[INFO] [stderr] 507 |         let LIST: &[u8] = &[
[INFO] [stderr]     |             ^^^^ help: convert the identifier to snake case: `list`
[INFO] [stderr]     |
[INFO] [stderr]     = note: `#[warn(non_snake_case)]` on by default
[INFO] [stderr] 
[INFO] [stderr] warning: `nbt` (lib) generated 4 warnings
[INFO] [stderr] warning: `nbt` (lib test) generated 6 warnings (4 duplicates)
[INFO] [stderr]     Finished test [unoptimized + debuginfo] target(s) in 0.04s
[INFO] [stderr]      Running unittests src/lib.rs (/opt/rustwide/target/debug/deps/nbt-608b93668131ba0b)
[INFO] [stdout] 
[INFO] [stdout] running 36 tests
[INFO] [stdout] test parser::payload::tests::compound ... ignored
[INFO] [stdout] test parser::payload::tests::from::from_f64 ... ok
[INFO] [stdout] test parser::payload::tests::float ... ok
[INFO] [stdout] test parser::payload::tests::byte_array ... ok
[INFO] [stdout] test parser::payload::tests::byte ... ok
[INFO] [stdout] test parser::payload::tests::from::from_f32 ... ok
[INFO] [stdout] test parser::payload::tests::double ... ok
[INFO] [stdout] test parser::payload::tests::from::from_byte_slice ... ok
[INFO] [stdout] test parser::payload::tests::from::from_i32 ... ok
[INFO] [stdout] test parser::payload::tests::from::from_i64 ... ok
[INFO] [stdout] test parser::payload::tests::from::from_i8 ... ok
[INFO] [stdout] test parser::payload::tests::int_array ... ok
[INFO] [stdout] test parser::payload::tests::from::from_vec ... ok
[INFO] [stdout] test parser::payload::tests::from::from_string ... ok
[INFO] [stdout] test parser::payload::tests::int ... ok
[INFO] [stdout] test parser::payload::tests::long ... ok
[INFO] [stdout] test parser::payload::tests::from::from_i16 ... ok
[INFO] [stdout] test parser::payload::tests::payload ... ok
[INFO] [stdout] test parser::payload::tests::list ... ok
[INFO] [stdout] test parser::raw::tests::byte_array_test ... ok
[INFO] [stdout] test parser::raw::tests::byte_test ... ok
[INFO] [stdout] test parser::raw::tests::double_test ... ok
[INFO] [stdout] test parser::payload::tests::long_array ... ok
[INFO] [stdout] test parser::raw::tests::float_test ... ok
[INFO] [stdout] test parser::raw::tests::int_array_test ... ok
[INFO] [stdout] test parser::payload::tests::from::from_int_slice ... ok
[INFO] [stdout] test parser::raw::tests::int_test ... ok
[INFO] [stdout] test parser::payload::tests::short ... ok
[INFO] [stdout] test parser::raw::tests::short_test ... ok
[INFO] [stdout] test parser::payload::tests::string ... ok
[INFO] [stdout] test parser::raw::tests::long_array_test ... ok
[INFO] [stdout] test parser::raw::tests::long_test ... ok
[INFO] [stdout] test parser::raw::tests::ubyte_test ... ok
[INFO] [stdout] test parser::raw::tests::string_test ... ok
[INFO] [stdout] test parser::payload::tests::from::from_long_slice ... FAILED
[INFO] [stdout] test parser::payload::tests::from::from_nonuniform_vec - should panic ... ok
[INFO] [stdout] 
[INFO] [stdout] failures:
[INFO] [stdout] 
[INFO] [stdout] ---- parser::payload::tests::from::from_long_slice stdout ----
[INFO] [stdout] thread 'parser::payload::tests::from::from_long_slice' panicked at src/parser/payload.rs:360:13:
[INFO] [stdout] assertion `left == right` failed
[INFO] [stdout]   left: LongArray([-6347744308092663488, -1167088121787636991, -2178715793711485681, 213, 0, 0, 0, 0, 0, 0, 0, 0, 0, 0, 0, 0, 0, 0, 0, 0, 0, 0, 0, 0])
[INFO] [stdout]  right: LongArray([-6347744308092663488, -1167088121787636991, -2178715793711485681, 213, -6347744308092663488, -1167088121787636991, -2178715793711485681, 213, 0, 0, 0, 0, 0, 0, 0, 0, 0, 0, 0, 0, 0, 0, 0, 0])
[INFO] [stdout] stack backtrace:
[INFO] [stdout]    0:     0x55af1c1c2e06 - std::backtrace_rs::backtrace::libunwind::trace::hd7a456af414d63de
[INFO] [stdout]                                at /rustc/2fe50cd72c476ebacdedb14893e9632b4de961c2/library/std/src/../../backtrace/src/backtrace/libunwind.rs:104:5
[INFO] [stdout]    1:     0x55af1c1c2e06 - std::backtrace_rs::backtrace::trace_unsynchronized::h64867240ea973bd5
[INFO] [stdout]                                at /rustc/2fe50cd72c476ebacdedb14893e9632b4de961c2/library/std/src/../../backtrace/src/backtrace/mod.rs:66:5
[INFO] [stdout]    2:     0x55af1c1c2e06 - std::sys_common::backtrace::_print_fmt::h2808b222ea4d26d0
[INFO] [stdout]                                at /rustc/2fe50cd72c476ebacdedb14893e9632b4de961c2/library/std/src/sys_common/backtrace.rs:68:5
[INFO] [stdout]    3:     0x55af1c1c2e06 - <std::sys_common::backtrace::_print::DisplayBacktrace as core::fmt::Display>::fmt::h03f74bc036e21c80
[INFO] [stdout]                                at /rustc/2fe50cd72c476ebacdedb14893e9632b4de961c2/library/std/src/sys_common/backtrace.rs:44:22
[INFO] [stdout]    4:     0x55af1c1ec9e0 - core::fmt::rt::Argument::fmt::h8121cad32ccb67f1
[INFO] [stdout]                                at /rustc/2fe50cd72c476ebacdedb14893e9632b4de961c2/library/core/src/fmt/rt.rs:142:9
[INFO] [stdout]    5:     0x55af1c1ec9e0 - core::fmt::write::hba6738a49cae548f
[INFO] [stdout]                                at /rustc/2fe50cd72c476ebacdedb14893e9632b4de961c2/library/core/src/fmt/mod.rs:1120:17
[INFO] [stdout]    6:     0x55af1c1c099f - std::io::Write::write_fmt::h998dc49ddc9bbda8
[INFO] [stdout]                                at /rustc/2fe50cd72c476ebacdedb14893e9632b4de961c2/library/std/src/io/mod.rs:1810:15
[INFO] [stdout]    7:     0x55af1c1c2be4 - std::sys_common::backtrace::_print::h12e2732351687df5
[INFO] [stdout]                                at /rustc/2fe50cd72c476ebacdedb14893e9632b4de961c2/library/std/src/sys_common/backtrace.rs:47:5
[INFO] [stdout]    8:     0x55af1c1c2be4 - std::sys_common::backtrace::print::h3977ff4fa70d37c3
[INFO] [stdout]                                at /rustc/2fe50cd72c476ebacdedb14893e9632b4de961c2/library/std/src/sys_common/backtrace.rs:34:9
[INFO] [stdout]    9:     0x55af1c1c4957 - std::panicking::default_hook::{{closure}}::h3649b42de801f190
[INFO] [stdout]   10:     0x55af1c1c463d - std::panicking::default_hook::h3fb7ccab350417f5
[INFO] [stdout]                                at /rustc/2fe50cd72c476ebacdedb14893e9632b4de961c2/library/std/src/panicking.rs:289:9
[INFO] [stdout]   11:     0x55af1c191797 - <alloc::boxed::Box<F,A> as core::ops::function::Fn<Args>>::call::hcac2ee49c7d5205e
[INFO] [stdout]                                at /rustc/2fe50cd72c476ebacdedb14893e9632b4de961c2/library/alloc/src/boxed.rs:2029:9
[INFO] [stdout]   12:     0x55af1c191797 - test::test_main::{{closure}}::ha6dc19c93a11f2d1
[INFO] [stdout]                                at /rustc/2fe50cd72c476ebacdedb14893e9632b4de961c2/library/test/src/lib.rs:138:21
[INFO] [stdout]   13:     0x55af1c1c4f76 - <alloc::boxed::Box<F,A> as core::ops::function::Fn<Args>>::call::h29b8e785b856bb23
[INFO] [stdout]                                at /rustc/2fe50cd72c476ebacdedb14893e9632b4de961c2/library/alloc/src/boxed.rs:2029:9
[INFO] [stdout]   14:     0x55af1c1c4f76 - std::panicking::rust_panic_with_hook::h5efc89ef996de810
[INFO] [stdout]                                at /rustc/2fe50cd72c476ebacdedb14893e9632b4de961c2/library/std/src/panicking.rs:783:13
[INFO] [stdout]   15:     0x55af1c1c4cc2 - std::panicking::begin_panic_handler::{{closure}}::h6289f51ae1ae9efc
[INFO] [stdout]                                at /rustc/2fe50cd72c476ebacdedb14893e9632b4de961c2/library/std/src/panicking.rs:657:13
[INFO] [stdout]   16:     0x55af1c1c3306 - std::sys_common::backtrace::__rust_end_short_backtrace::h9f143e0a9d826e65
[INFO] [stdout]                                at /rustc/2fe50cd72c476ebacdedb14893e9632b4de961c2/library/std/src/sys_common/backtrace.rs:171:18
[INFO] [stdout]   17:     0x55af1c1c4a20 - rust_begin_unwind
[INFO] [stdout]                                at /rustc/2fe50cd72c476ebacdedb14893e9632b4de961c2/library/std/src/panicking.rs:645:5
[INFO] [stdout]   18:     0x55af1c136cd5 - core::panicking::panic_fmt::h5b9d04f36fd68862
[INFO] [stdout]                                at /rustc/2fe50cd72c476ebacdedb14893e9632b4de961c2/library/core/src/panicking.rs:72:14
[INFO] [stdout]   19:     0x55af1c13710b - core::panicking::assert_failed_inner::he8bf6244a405549a
[INFO] [stdout]                                at /rustc/2fe50cd72c476ebacdedb14893e9632b4de961c2/library/core/src/panicking.rs:342:17
[INFO] [stdout]   20:     0x55af1c13aade - core::panicking::assert_failed::ha55473bcc3d6e262
[INFO] [stdout]                                at /rustc/2fe50cd72c476ebacdedb14893e9632b4de961c2/library/core/src/panicking.rs:297:5
[INFO] [stdout]   21:     0x55af1c13e541 - nbt::parser::payload::tests::from::from_long_slice::hd9f443f90557f37e
[INFO] [stdout]                                at /opt/rustwide/workdir/src/parser/payload.rs:360:13
[INFO] [stdout]   22:     0x55af1c13e377 - nbt::parser::payload::tests::from::from_long_slice::{{closure}}::h0b568484b081cebf
[INFO] [stdout]                                at /opt/rustwide/workdir/src/parser/payload.rs:358:29
[INFO] [stdout]   23:     0x55af1c142ce6 - core::ops::function::FnOnce::call_once::h018d5046e276a65e
[INFO] [stdout]                                at /rustc/2fe50cd72c476ebacdedb14893e9632b4de961c2/library/core/src/ops/function.rs:250:5
[INFO] [stdout]   24:     0x55af1c196f9f - core::ops::function::FnOnce::call_once::h547df4cc4781c42c
[INFO] [stdout]                                at /rustc/2fe50cd72c476ebacdedb14893e9632b4de961c2/library/core/src/ops/function.rs:250:5
[INFO] [stdout]   25:     0x55af1c196f9f - test::__rust_begin_short_backtrace::h0751f8da0df8afc9
[INFO] [stdout]                                at /rustc/2fe50cd72c476ebacdedb14893e9632b4de961c2/library/test/src/lib.rs:627:18
[INFO] [stdout]   26:     0x55af1c195df1 - test::run_test_in_process::{{closure}}::h08b7e2b944f5d3bf
[INFO] [stdout]                                at /rustc/2fe50cd72c476ebacdedb14893e9632b4de961c2/library/test/src/lib.rs:650:60
[INFO] [stdout]   27:     0x55af1c195df1 - <core::panic::unwind_safe::AssertUnwindSafe<F> as core::ops::function::FnOnce<()>>::call_once::h4eabe934da23f6d3
[INFO] [stdout]                                at /rustc/2fe50cd72c476ebacdedb14893e9632b4de961c2/library/core/src/panic/unwind_safe.rs:272:9
[INFO] [stdout]   28:     0x55af1c195df1 - std::panicking::try::do_call::h8bce2a819a83d75f
[INFO] [stdout]                                at /rustc/2fe50cd72c476ebacdedb14893e9632b4de961c2/library/std/src/panicking.rs:552:40
[INFO] [stdout]   29:     0x55af1c195df1 - std::panicking::try::h8d0ad43ca1e9dfe4
[INFO] [stdout]                                at /rustc/2fe50cd72c476ebacdedb14893e9632b4de961c2/library/std/src/panicking.rs:516:19
[INFO] [stdout]   30:     0x55af1c195df1 - std::panic::catch_unwind::h80c407981483a27f
[INFO] [stdout]                                at /rustc/2fe50cd72c476ebacdedb14893e9632b4de961c2/library/std/src/panic.rs:142:14
[INFO] [stdout]   31:     0x55af1c195df1 - test::run_test_in_process::h34f4f1cf26878dcc
[INFO] [stdout]                                at /rustc/2fe50cd72c476ebacdedb14893e9632b4de961c2/library/test/src/lib.rs:650:27
[INFO] [stdout]   32:     0x55af1c195df1 - test::run_test::{{closure}}::hf98423759bd4e4de
[INFO] [stdout]                                at /rustc/2fe50cd72c476ebacdedb14893e9632b4de961c2/library/test/src/lib.rs:573:43
[INFO] [stdout]   33:     0x55af1c15d186 - test::run_test::{{closure}}::h31f9214a9865a468
[INFO] [stdout]                                at /rustc/2fe50cd72c476ebacdedb14893e9632b4de961c2/library/test/src/lib.rs:601:41
[INFO] [stdout]   34:     0x55af1c15d186 - std::sys_common::backtrace::__rust_begin_short_backtrace::h97eebf57e64e4a3e
[INFO] [stdout]                                at /rustc/2fe50cd72c476ebacdedb14893e9632b4de961c2/library/std/src/sys_common/backtrace.rs:155:18
[INFO] [stdout]   35:     0x55af1c162287 - std::thread::Builder::spawn_unchecked_::{{closure}}::{{closure}}::h10343cc6e645d5a7
[INFO] [stdout]                                at /rustc/2fe50cd72c476ebacdedb14893e9632b4de961c2/library/std/src/thread/mod.rs:529:17
[INFO] [stdout]   36:     0x55af1c162287 - <core::panic::unwind_safe::AssertUnwindSafe<F> as core::ops::function::FnOnce<()>>::call_once::h7676f5746d51f304
[INFO] [stdout]                                at /rustc/2fe50cd72c476ebacdedb14893e9632b4de961c2/library/core/src/panic/unwind_safe.rs:272:9
[INFO] [stdout]   37:     0x55af1c162287 - std::panicking::try::do_call::h76c69ddb47b6692d
[INFO] [stdout]                                at /rustc/2fe50cd72c476ebacdedb14893e9632b4de961c2/library/std/src/panicking.rs:552:40
[INFO] [stdout]   38:     0x55af1c162287 - std::panicking::try::h231004126786543e
[INFO] [stdout]                                at /rustc/2fe50cd72c476ebacdedb14893e9632b4de961c2/library/std/src/panicking.rs:516:19
[INFO] [stdout]   39:     0x55af1c162287 - std::panic::catch_unwind::h519133dc1360745e
[INFO] [stdout]                                at /rustc/2fe50cd72c476ebacdedb14893e9632b4de961c2/library/std/src/panic.rs:142:14
[INFO] [stdout]   40:     0x55af1c162287 - std::thread::Builder::spawn_unchecked_::{{closure}}::h7c96b1538d88533f
[INFO] [stdout]                                at /rustc/2fe50cd72c476ebacdedb14893e9632b4de961c2/library/std/src/thread/mod.rs:528:30
[INFO] [stdout]   41:     0x55af1c162287 - core::ops::function::FnOnce::call_once{{vtable.shim}}::h90e3a916fbad66da
[INFO] [stdout]                                at /rustc/2fe50cd72c476ebacdedb14893e9632b4de961c2/library/core/src/ops/function.rs:250:5
[INFO] [stdout]   42:     0x55af1c1c9a25 - <alloc::boxed::Box<F,A> as core::ops::function::FnOnce<Args>>::call_once::h12c26c313019b755
[INFO] [stdout]                                at /rustc/2fe50cd72c476ebacdedb14893e9632b4de961c2/library/alloc/src/boxed.rs:2015:9
[INFO] [stdout]   43:     0x55af1c1c9a25 - <alloc::boxed::Box<F,A> as core::ops::function::FnOnce<Args>>::call_once::h3a7c22937eaa10d1
[INFO] [stdout]                                at /rustc/2fe50cd72c476ebacdedb14893e9632b4de961c2/library/alloc/src/boxed.rs:2015:9
[INFO] [stdout]   44:     0x55af1c1c9a25 - std::sys::unix::thread::Thread::new::thread_start::h1ce303acc71f2e7d
[INFO] [stdout]                                at /rustc/2fe50cd72c476ebacdedb14893e9632b4de961c2/library/std/src/sys/unix/thread.rs:108:17
[INFO] [stdout]   45:     0x7fd234dd2ac3 - <unknown>
[INFO] [stdout]   46:     0x7fd234e63bf4 - __clone
[INFO] [stdout]   47:                0x0 - <unknown>
[INFO] [stdout] 
[INFO] [stdout] 
[INFO] [stdout] failures:
[INFO] [stdout]     parser::payload::tests::from::from_long_slice
[INFO] [stdout] 
[INFO] [stdout] test result: FAILED. 34 passed; 1 failed; 1 ignored; 0 measured; 0 filtered out; finished in 0.09s
[INFO] [stdout] 
[INFO] [stderr] error: test failed, to rerun pass `--lib`
[INFO] running `Command { std: "docker" "inspect" "869f947bcb5720fd5b2ae5d085c1fb35254ad28abe9f870d302874e964de27f1", kill_on_drop: false }`
[INFO] running `Command { std: "docker" "rm" "-f" "869f947bcb5720fd5b2ae5d085c1fb35254ad28abe9f870d302874e964de27f1", kill_on_drop: false }`
[INFO] [stdout] 869f947bcb5720fd5b2ae5d085c1fb35254ad28abe9f870d302874e964de27f1
